 y = 10 + 7. Calculate the remainder when y is divided by l.
3
Suppose 54 = 6*a - 5*a. Suppose 5*n = -186 - a. What is the remainder when 3/((8/n)/(34/(-12))) is divided by 14?
9
Suppose 3*c = -6, 363 = -3*h - 5*c + 506. What is the remainder when 84 is divided by h?
33
Suppose 0*y + 170 = 17*y. Let t(v) = -4*v + 4. What is the remainder when t(-3) is divided by 88/y + (1 - 4/5)?
7
Suppose 0 = -3*z - 262 + 868. Calculate the remainder when z is divided by 82.
38
Let n = 18 + 47. Suppose 425*l = 426*l - n. Calculate the remainder when l is divided by 34.
31
Suppose w + 332 - 93 = 0. Let v be (-1 + w)/(3/(-3)). Suppose 2*p - k - 238 = 3*k, -2*p + v = -2*k. What is the remainder when p is divided by 31?
28
Suppose 0 = 5*r - 91 - 79. Calculate the remainder when 48/(-9)*(-567)/18 is divided by r.
32
Suppose 5*c - 4*t - 22 = 91, 0 = -4*c + 2*t + 88. Suppose -5*o - 21 = -g, o - 2 = -3*g - 3. What is the remainder when (g/(-1) + 2)*39 is divided by c?
18
Calculate the remainder when (-64)/20*(43 + -83) is divided by 27.
20
Let o be -3*(-1206)/(-27)*-1. Let y be 88/14 + (-4)/14. Calculate the remainder when (o/y)/((-1)/(-3)) is divided by 18.
13
Let g(l) = 99*l**2 + 133*l - 131. What is the remainder when g(1) is divided by 13?
10
Suppose -3*o = -5*c + 6 + 14, 20 = 5*c - 2*o. Suppose -4*p = -4*f + 76, 4*p - 2*p + 95 = 5*f. Let x = 25 - f. Calculate the remainder when x is divided by c.
2
Suppose -19*b = 30*b - 8*b - 142229. What is the remainder when b is divided by 18?
13
Suppose 2*h = 5*a - 4*a - 1395, 0 = 3*a - 3*h - 4176. Calculate the remainder when a is divided by 12.
9
Suppose -6686 = -5*c + 3*p, -4*c = -3*p - 2563 - 2790. What is the remainder when c is divided by 132?
13
Suppose -12*d = 5*d + 5083. Let n = -253 - d. What is the remainder when n is divided by 15?
1
Calculate the remainder when 243 is divided by 1375/11 - (10 - 0).
13
Suppose 5*t - 10 = 0, -g - 5*t + 110 = -2*t. What is the remainder when g is divided by (1/2)/(9*(-8)/(-5184))?
32
Suppose 4*j = -2*u + 32 + 216, j + 2*u = 56. Calculate the remainder when 440 is divided by j.
56
Let y = -2237 - -2303. What is the remainder when 87 is divided by y?
21
Suppose 3*u + 3*a - 3 = 0, u - 4*a + 24 = -0*a. Let j(f) = -9*f + 6. Let m = 159 + -34. Calculate the remainder when m is divided by j(u).
41
Let n = -64 - -106. Let h be (-1 + -5)*7/n*76. Let m = 125 + h. What is the remainder when m is divided by 13?
10
Let c(j) be the first derivative of 16/3*j**3 - j - 3/2*j**2 + 8. What is the remainder when 22 is divided by c(1)?
10
Suppose -l = 5*d - 245, 4*d - 5*l = 139 + 28. Calculate the remainder when d is divided by 35.
13
Let u be 0 + 0 + -4 + 6. Suppose -2*b + 0 = -2*x + u, 4*b - 6 = -x. Calculate the remainder when 109 is divided by 2 - -23 - (-4 + b).
25
Suppose 8*u + 91 = -5*u. What is the remainder when 67 is divided by (-33 - -3)*(-2 - u/5)?
13
Suppose 5*f = -2*l + 79, -l = f + 3*l - 23. Calculate the remainder when 133 is divided by f.
13
Let w(b) = 5*b - 48. Let v be w(10). Suppose 0 = 5*d + 3*q - 556, -450 = -v*d - 2*d - 5*q. Calculate the remainder when d is divided by 29.
23
Suppose -4 = -4*k - 8. Let n(y) = -25*y**2 - y. Let o be n(k). Calculate the remainder when 19 is divided by ((-1)/(-2) - 1)*o.
7
Let p(l) = -7*l - 87. Let j be p(-15). Let x(c) = -2*c**2 + 35*c + 37. What is the remainder when x(j) is divided by (1/(-1)*5)/(-1)?
4
Suppose 2*b - 19*f - 66 = -21*f, 6*f = -b + 63. What is the remainder when 90 - (-7 + 3 + 4) is divided by b?
9
Let x = -415 + 639. Suppose 7*p - 468 + 62 = 0. What is the remainder when x is divided by p?
50
Suppose 8*l - 381 = -7*l + 1344. Calculate the remainder when 344 is divided by l.
114
Suppose -p + 27 = 2*p. Let y(b) = b**2 + 2 + 2*b**2 + 6 - 253*b + 265*b. Calculate the remainder when y(2) is divided by p.
8
Suppose -42 = -5*y + 3*y. Suppose 348*b - 152 = 329*b. Calculate the remainder when y is divided by b.
5
Let m = 2673 + -1779. Calculate the remainder when m is divided by 12.
6
Suppose -13*u + 1995 + 2633 = 0. Suppose -u*p = -360*p + 2892. What is the remainder when p is divided by 29?
27
Let n(i) = 4*i**2 + 7*i - 15. Let w be n(4). What is the remainder when (w/11)/(2/24) is divided by 18?
12
Let y = 19 - 37. Let x = y + 23. Let s = x + 23. Calculate the remainder when s is divided by 8.
4
Let q(n) = n**2 - 6*n. Let t be (-2888)/(-24) - 6 - 2/(-3). Let g = t + -90. Calculate the remainder when g is divided by q(7).
4
Suppose -4*k + 235 + 1 = 0. Let b = k + 41. Suppose 0 = f - 41 - 10. What is the remainder when b is divided by f?
49
What is the remainder when 985 is divided by (5/20)/(1/1964)?
3
Let i(l) = -7*l - 99. Let t be i(-15). Suppose -n + 19 = t. Let w(m) = -m**3 + 8*m**2 + 6*m - 2. Calculate the remainder when w(7) is divided by n.
11
Let w(m) be the third derivative of 23*m**5/60 - m**4/6 + m**3 - m**2. Let k be w(2). Suppose 0 = -5*a + k. Calculate the remainder when a is divided by 4.
2
Let c = 69 + -64. Suppose -c*h - z + 729 = 84, -z = 3*h - 385. Suppose h = l + 43. Calculate the remainder when l is divided by 8.
7
Suppose 5719 = 417*a - 21386. What is the remainder when a is divided by (-1)/(-2)*70 + -2?
32
Let z = -3 - -2. Let a = -877053 + 877082. What is the remainder when -172*z/((-4)/(-2)) is divided by a?
28
Suppose -7840 = -96*s + 64*s. Calculate the remainder when s is divided by 40.
5
Suppose d = -3*c + 11, 0*d = -2*d + 5*c - 33. Calculate the remainder when (4/d)/(6/(-588)) is divided by 10.
8
Calculate the remainder when 528 is divided by ((-33276)/3894)/((-4)/22).
11
Let q = 25 + -18. Suppose q*f + 43 = 106. Calculate the remainder when 40 is divided by f.
4
Let n(x) be the second derivative of x**4/6 - x**3/3 + 17*x**2 - 19*x. What is the remainder when 78 is divided by n(0)?
10
Suppose 4*r - 16128 = -2*w, w = -r + 674 + 3358. Calculate the remainder when r is divided by 109.
108
Let l(u) = -76*u**2 + 1752*u - 42. What is the remainder when 1211 is divided by l(23)?
11
Suppose -102*b = -97*b. Suppose b = 14*y - 3*y - 649. Calculate the remainder when y is divided by 33.
26
Suppose -774*y = -781*y + 273. Calculate the remainder when 658 is divided by y.
34
Suppose -2244 = 6*a - 23*a. What is the remainder when 2637 is divided by a?
129
Let n(r) = 48*r**2 + 976*r + 3882. What is the remainder when n(-4) is divided by 13?
5
Let n be 2/((-2)/3) + 101. Let z = -65 + n. Calculate the remainder when 83 is divided by z.
17
Let i be 205 + -2 + (4 - 2). Suppose 18*y = y. Suppose y = 5*a - 3*l - 210, -i = a - 6*a + 4*l. Calculate the remainder when 267 is divided by a.
42
Suppose -4*c = -719*r + 722*r - 1509, -5*r = 4*c - 1499. What is the remainder when c is divided by 21?
3
Suppose 180 = 5*y - 4*w, -3*w + 17 + 19 = y. Suppose 10*j + 17*j - 893 = 727. Calculate the remainder when j is divided by y.
24
Let q = -1426 + 1441. What is the remainder when 21 is divided by q?
6
Suppose 5*s - 20 = 0, 0 = 3*q - 0*s - 2*s - 1180. Suppose 11*v - q = -v. What is the remainder when 122 is divided by v?
23
Suppose 424*g - 2133012 = -99*g - 235*g. Calculate the remainder when g is divided by 699.
18
Suppose -3*u = -6*u + 12. Suppose -12 = -u*p + 12. Let q(v) = -v + 21. Calculate the remainder when 40 is divided by q(p).
10
What is the remainder when 1258 is divided by 219 + (-7 - 0 - (-8 - (-4)/(-4)))?
153
Let a(d) = -13*d + 162 + 6*d - 59. Suppose 9*z + z = 0. Calculate the remainder when a(z) is divided by 13.
12
Suppose -135*z + 19767 = 464*z. Suppose -5*r + 9*r - 168 = 0. Suppose 3*k + 6 - r = 0. What is the remainder when z is divided by k?
9
Let k = -245 - -249. Calculate the remainder when 133 is divided by k + -1 + (-22 - -63).
1
Let i(c) = c + 30. Let v(u) = -5*u + 35. Let p be v(5). Calculate the remainder when i(p) is divided by 7.
5
Suppose -6*q = -9*q + 30. Let o = -65 + q. Let n = o - -129. Calculate the remainder when n is divided by 19.
17
Let f be 14/63 - -20*(0 + 2/(-18)). Suppose 0 = -3*q + 2*h + 3*h + 4, 3*h - 4 = q. Calculate the remainder when 96 is divided by q + -1 - (-6 - f).
8
Let m = -24894 + 26120. What is the remainder when m is divided by 582?
62
Calculate the remainder when 2068 is divided by -270*((-6)/54)/((-17)/(-51)).
88
What is the remainder when 747 is divided by 94 + 1 + -35 + 36?
75
